- 8. Let x be (-4)/p*1*-24. What is the greatest common divisor of t and x?
4
Let f(u) = u**3 + u**2 + u - 3. Let j be 15/(-6)*8/(-4). Let s be f(j). What is the highest common factor of 19 and s?
19
Let o = 8 + -13. Let k = o - -6. Let m be (-1 - 1) + 57 - k. What is the greatest common divisor of m and 36?
18
Suppose p - 2*n - 31 = 0, n + n - 35 = -p. Let z = p + -17. Let k be (-2)/(-6) - 141/(-9). Calculate the highest common factor of z and k.
16
Let h = -195 - -294. What is the highest common factor of h and 9?
9
Let j = 18 - -8. What is the highest common divisor of 39 and j?
13
Suppose 6 + 14 = 5*s. Suppose 0 = 2*d - s + 6. Let m be (d/3)/((-3)/99). What is the greatest common divisor of 11 and m?
11
Let h(f) = 2*f**2 - f + 2. Let x be h(-2). What is the greatest common factor of 60 and x?
12
Let t = 10 + -9. Calculate the greatest common divisor of t and 6.
1
Let r(t) be the first derivative of -9*t**2/2 - 10*t + 2. Let m be r(-6). What is the greatest common factor of 4 and m?
4
Let r(v) = -3*v. Let t be r(-6). Suppose -5*z = -2*z - 6. Calculate the highest common divisor of t and z.
2
Let q(y) be the third derivative of y**4/24 - 2*y**3/3 + 4*y**2. Let f be q(9). What is the highest common divisor of f and 5?
5
Let h = 101 - -7. Suppose 13 = o + 1. Calculate the highest common divisor of h and o.
12
Let v(k) = -8*k - 11. Suppose 42 = -3*u + 9. Let b be v(u). What is the greatest common factor of 11 and b?
11
Let t(h) = -4*h - 9. Let w be t(-9). What is the highest common factor of 297 and w?
27
Let w = 120 + -75. Calculate the greatest common divisor of 30 and w.
15
Let y = 39 + -15. Let n = -117 + 41. Let o = n - -112. Calculate the greatest common factor of o and y.
12
Let h = -58 - -65. What is the highest common divisor of 77 and h?
7
Let t be 508/11 - -2*(-1)/11. Calculate the highest common divisor of 230 and t.
46
Suppose -5*i = 5*j - 120, -4*i + 5*j = -46 - 77. Let v be (8/3)/(2/i). Calculate the greatest common factor of v and 9.
9
Suppose 5*m - 26 + 6 = 0. What is the highest common factor of m and 16?
4
Let o(l) = -7*l - 53. Let r be o(-11). Calculate the highest common factor of 16 and r.
8
Let x = 2 - 1. Let n be 1 + 2*x/2. Let k be (3/(-3))/((-1)/2). Calculate the highest common divisor of n and k.
2
Let s be (-3)/(27/12)*-15. Calculate the highest common divisor of 100 and s.
20
Suppose -5*k + 3*v = -99, 50 - 8 = 3*k + 4*v. Suppose -3*x + k = -x. Calculate the highest common factor of x and 9.
9
Let h be (-76)/(-16)*(-8)/(-1). Let d = -13 - h. Let m be d/(-3) + 0 - 1. Calculate the greatest common factor of m and 16.
16
Let z(d) = -d**2 + 14*d - 10. Let j be z(9). What is the highest common divisor of 14 and j?
7
Let d = -126 - -138. Let v(x) = 49*x - 2. Let a be v(2). Calculate the highest common factor of a and d.
12
Suppose c - 2*c = -5. Let o be 7 + (-7)/(14/4). Calculate the greatest common divisor of o and c.
5
Suppose 4*q - q - 6 = 0. Let z = 10 + -4. Suppose z = 2*b + 2. What is the greatest common factor of q and b?
2
Let h(o) = -o**2 + o + 1. Let l be h(1). Calculate the highest common factor of 9 and l.
1
Suppose h - i - 60 = 0, -5*i + i - 185 = -3*h. Calculate the greatest common divisor of h and 22.
11
Let g = -4 - -6. Suppose t = 2*t - g. Suppose 3*p + 3 = -2*r + 3*r, -6 = -t*r - 5*p. What is the highest common divisor of 3 and r?
3
Let v be (-648)/(-64) - 2/16. Calculate the highest common divisor of v and 70.
10
Let x(q) = -q**3 + 8*q**2 + 2*q - 9. Let b be x(8). Let r = -6 + b. Calculate the greatest common factor of 7 and r.
1
Let s(w) = -4*w**2 - 2 - 2*w**3 + 0*w - w - 1. Suppose 0 = -5*i - 5 - 10. Let b be s(i). Calculate the greatest common divisor of 9 and b.
9
Let x be (-6 + 1)*4/(-10). Let v be ((0 + 0)/x)/(-2). Let r = v - -1. Calculate the highest common divisor of r and 2.
1
Suppose 12 = -2*d - 2*d. Let b(o) = 2*o**2 + 2*o - 2. Let n be b(d). Suppose -7*t + 20 = -6*t. What is the highest common factor of t and n?
10
Let j(w) = w**3 + 10*w**2 - 14*w + 6. Let m be j(-11). Calculate the greatest common divisor of 13 and m.
13
Let f(g) = 3*g + 1. Suppose 3*r - 6 = 2*r. Let b be f(r). Let t = 53 - b. Calculate the greatest common divisor of t and 85.
17
Suppose -3*z + 4*u + 98 = 0, -z = 4*z + 5*u - 140. Suppose -5 = k - z. Let n be 2 + 10/1 + -2. Calculate the greatest common factor of k and n.
5
Suppose -2*r - 94 = -b, 3*r - 94 = -2*b + b. Suppose 2*g = g + b. Suppose 3*s - g = 5*m, -m + 144 = 5*s - 3*m. What is the greatest common factor of s and 7?
7
Let o(h) = -2*h - 5. Let n be o(-7). Let x = 8 - 5. Suppose 0 = z + x*v - 2*v - 41, v + 103 = 3*z. Calculate the highest common factor of z and n.
9
Suppose 3*l - 45 = -3*c, 0*c = -2*l + c + 30. Let j = -6 - -51. What is the greatest common factor of l and j?
15
Let z = -26 + 42. Calculate the highest common divisor of 12 and z.
4
Let y(j) = 56*j**3 - j**2 + j - 1. Let x be (15/(-6) - -3)*2. Let o be y(x). Calculate the highest common factor of o and 5.
5
Let l(b) = -b + 23. Let d be l(4). Calculate the highest common divisor of d and 38.
19
Suppose c + 1 = 5. Let n be ((-10)/(-25))/((-1)/(-5)). Let q be (n/3)/(2/3). What is the greatest common factor of q and c?
1
Suppose 0 = 2*h, -c - 5*h + 15 + 95 = 0. Calculate the greatest common divisor of 22 and c.
22
Suppose w - 26 = -w. Let l = 36 - w. Calculate the highest common divisor of l and 23.
23
Let t = -25 - -50. What is the greatest common factor of 125 and t?
25
Let u(a) = 21*a**2 + 1. Let g be u(1). Calculate the highest common divisor of g and 22.
22
Suppose 0 = -3*w + 63. Suppose 0*z + w = 3*z. Suppose -z*d + 3*d + 52 = 0. What is the highest common divisor of d and 143?
13
Let s(x) = -x**3 + 3*x**2 + 2*x - 3. Let p be s(3). Let w = 6 + -2. Suppose 53 = w*y + 5. What is the highest common divisor of p and y?
3
Let y be 477/(-3) - (-2)/(-1). Let j = 265 + y. Let c be (41 + -2)*(-2)/(-6). Calculate the greatest common factor of c and j.
13
Let t = 99 - 89. What is the highest common divisor of 70 and t?
10
Suppose 85 = 2*z + 3*z. Suppose -15 = -2*l + 19. What is the greatest common factor of l and z?
17
Suppose -73 = -5*o + 17. Calculate the highest common divisor of 36 and o.
18
Let c(v) = -v + 64. Let l be c(0). What is the highest common divisor of 16 and l?
16
Let d be (-12)/(-8)*16/6. Let a(o) = -o**2 - 5*o + 1. Let h be a(-5). Let w be 4 - h - d/(-4). Calculate the greatest common factor of w and 12.
4
Let f = 3 + -1. Suppose 4 = f*g - 18. Let x = 116 + -17. Calculate the highest common factor of x and g.
11
Let p be -1 + 1/(-2)*-10. Suppose 54 = -f + 3*f - 4*d, -p*f + 53 = 3*d. Calculate the highest common factor of f and 17.
17
Suppose 3*g - t = 10, -g + 5*t + 10 = 3*t. Suppose -4*b - 5*u = -39, 5*b + 0*u - 85 = u. Calculate the highest common divisor of b and g.
2
Let l(k) = 2*k**2 - 6*k + 1. Let f be l(3). What is the highest common factor of f and 11?
1
Let i(a) = 30*a + 1. Let q be i(-1). Let w = -9 - q. Let m(c) = -c**2 + 7*c - 7. Let z be m(4). What is the greatest common factor of z and w?
5
Let g be 1/(-4) + (-14)/8. Let c(o) = 3*o**2 - 4*o - 3. Let b be c(g). Calculate the greatest common divisor of b and 187.
17
Let f(n) = 4 + n**3 - 3 - 3 + 6*n**2. Let l be f(-4). Calculate the greatest common factor of 240 and l.
30
Let u(h) = 22*h + 7. Let q be u(5). Calculate the greatest common factor of 13 and q.
13
Suppose -5*q = -5*m - 11 - 9, q - 5 = 2*m. Let y(d) = 3*d + q*d + 3 + 5 - 5*d. Let v be y(0). What is the greatest common factor of v and 24?
8
Let k(r) = -4*r**2 - r. Let l be k(1). Let g be 3/l - (-126)/10. Calculate the greatest common factor of g and 60.
12
Let a be (32/(-24) + 1/3)*-31. Calculate the greatest common divisor of 31 and a.
31
Suppose 3*d = 4*f + 71, 2*f - 4 = -2. What is the highest common divisor of d and 275?
25
Let i(n) = -9*n - 8. Let u be i(-5). Suppose -s + 0*w - w + u = 0, -3*s + 3*w + 117 = 0. What is the greatest common factor of 95 and s?
19
Suppose 0 = 10*m - 44 - 46. What is the greatest common divisor of 63 and m?
9
Suppose -t - 11 = -4*g, g + 3 = 3*t - 8. Suppose -g*q = d - 34 - 10, 0 = -q + 4. Let z = 2 - -2. What is the highest common divisor of d and z?
4
Let y = 113 - -20. Calculate the highest common divisor of 19 and y.
19
Let c be